ided by 1.
0
Let c(d) = 4*d**2 + 3*d - 1. Let y(a) = a. Let i(l) = c(l) - 3*y(l). What is the remainder when 102 is divided by i(3)?
32
Suppose 3066 = -10*q + 16*q. What is the remainder when q is divided by 27?
25
Suppose 1255*g = 1257*g - 148. What is the remainder when 384 is divided by g?
14
Let x(h) = -17*h**3 + h**2 + 6*h - 2. What is the remainder when x(-2) is divided by 64?
62
Suppose -49*g + 2578 = 128. Suppose -i - 10 - 3 = -o, 4*i - 13 = -o. Calculate the remainder when g is divided by o.
11
Let m = -13 + 4. Let q be m/(-2) + (-1)/(-2). Suppose 0*d + 40 = q*d. What is the remainder when 15 is divided by d?
7
Let l(r) = r - 4. Let u(g) = -2*g + 9. Let n(y) = -7*l(y) - 3*u(y). Let z be n(-1). What is the remainder when 9 is divided by 2 + (-1 + 2)*z?
1
Let r(p) = -p**2 - 12*p - 9. Suppose 0 = 2*y + 2*q - 4, -5*q = 31 - 6. What is the remainder when r(-7) is divided by y?
5
Let u(c) = c**3 + 6*c**2 + 5*c + 3. Let f be u(-5). Suppose 2*n = f*q - 53, 4*q + 4*n = 82 - 18. Calculate the remainder when 62 is divided by q.
11
Suppose 0*n + n = 2. Suppose -25 = 5*c, -4*f - n*c + 40 = f. Calculate the remainder when 0 - (-78)/(2*1) is divided by f.
9
Suppose -8 = -7*j + 3*j. What is the remainder when -5 + (-3)/((-24)/152) is divided by j?
0
Suppose -8*q + 241 = -7. What is the remainder when q is divided by 16?
15
Let p = 1965 - 1947. What is the remainder when 370 is divided by p?
10
Let i = 37 + -32. Suppose 4*r - 254 = -i*v, v + r + 35 = 86. Calculate the remainder when v is divided by 6/2*(-39)/(-9).
11
Suppose 29*y - 1450 = -0*y. Calculate the remainder when 64 is divided by y.
14
Suppose -868 = -4353*d + 4346*d. What is the remainder when d is divided by 62?
0
Let v(o) = -5*o**2 + 5*o + 0*o**2 + 4 - o**3 - 5. Suppose 13*y - 8*y = -l - 16, -10 = 3*l - 4*y. What is the remainder when 19 is divided by v(l)?
4
Let n(v) = v**2 + 8. Let h be n(-9). Suppose m - x = h, -x + 69 = m + 3*x. Suppose -5*l - 15 + m = 0. What is the remainder when l is divided by 5?
4
Let o = 10 + -5. Suppose -4 + 14 = o*j. Suppose 2*p = j*l - 10, 5*l - 4*p = -5 + 30. What is the remainder when 17 is divided by l?
2
Let q = 156 + -23. Suppose 0 = 41*s - 49*s + 272. What is the remainder when q is divided by s?
31
Let o be (0 + 0)/(-3 + 2). Suppose q = 13 - o. What is the remainder when 12/(0 - 3) + 67 is divided by q?
11
Calculate the remainder when 209 is divided by (-1)/((-1498)/(-301) - 5).
37
Suppose 2*r + 3*k = -43, -3*k - 101 = 4*r - 2*k. What is the remainder when 1 + (3 + r)*-4 is divided by 32?
29
Let q = -92 + 96. Let f(z) = z**2 + 4*z - 8. Let u be f(-6). Calculate the remainder when q is divided by (-3 + 6)*u/4.
1
Let x = 262 - 241. What is the remainder when 52 is divided by x?
10
Let z(a) = -4*a + 1. Let y be z(-5). Calculate the remainder when 91 is divided by 69*(y/9)/7.
22
Let h = 16 - 13. Let f = 45 + h. What is the remainder when f is divided by 14?
6
Let w(p) = 3*p**3 - 2*p**2 - p + 1. Let m be w(4). Suppose -2*d - 35 = -m. Let r = 0 + 21. What is the remainder when d is divided by r?
19
Calculate the remainder when 1559 is divided by (-16)/2 + 16 - -84.
87
Suppose -4*a - 1 = -17, -a - 296 = -4*m. Calculate the remainder when m is divided by 13.
10
Calculate the remainder when 169 is divided by (-2)/8*(-57 - 51).
7
Let o(q) be the first derivative of -q**2 - 18*q - 1. Let g be o(-14). What is the remainder when 30 - (-5)/(g/(-8)) is divided by 9?
8
Let w(c) = -37*c - 143. Suppose -5*y + 135 = m, -2*m + 43 = y - 5*m. What is the remainder when y is divided by w(-4)?
3
Let g(s) = s + 14. Suppose -5*k = 5*w + 5, -2 = -w - 3*k + 5. What is the remainder when 42 is divided by g(w)?
6
Let j be 8/(1 + (-1 - -2)). Suppose 228 = 2*p - j. Suppose 7*z - 11*z + p = 0. What is the remainder when z is divided by 10?
9
Suppose 0 = 21*o - 10854 + 3525. Calculate the remainder when o is divided by 32.
29
Let c be 273/11 - (45/55 - 1). Calculate the remainder when 95 is divided by (1 - 2 - -2)*c.
20
Let t(f) = 5*f**2. Suppose 4*z - 3*q = 3*z + 8, 2*z = -5*q + 38. Let w = 13 - z. Calculate the remainder when 8 is divided by t(w).
3
Let c(j) be the third derivative of 11*j**6/60 + j**4/24 - j**3/6 + 5*j**2. Let b be c(1). Suppose -3*v + b = -v. What is the remainder when 63 is divided by v?
8
Let u = -977 + 1115. Suppose 0 = -v - 0 + 35. Calculate the remainder when u is divided by v.
33
Suppose 610 = -2*v + 842. Calculate the remainder when v is divided by 13.
12
Let c(p) = -5*p**3 + 2*p**2 + 4*p - 14. Calculate the remainder when c(-3) is divided by 67.
60
Let s = -16 + 14. Let l be 106/(-22) + s/11. Calculate the remainder when (-1 - -60)*(-4 - l) is divided by 15.
14
Let a(f) = -f**2 - 44*f - 439. What is the remainder when 402 is divided by a(-26)?
25
Suppose -2*x - 301 = -5*y - 0*y, x - 246 = -4*y. Suppose -2*v = -5*h + 2*h - y, -3*v + 5*h + 94 = 0. Calculate the remainder when v is divided by 15.
8
Suppose 10*u + 4*y = 5*u - 440, -5*u - 405 = -3*y. Calculate the remainder when (7/(u/186))/((-2)/4) is divided by 12.
7
Let b(o) = 2 + 18*o**3 + 2*o**2 - 5 - 5*o**3 - o**2 - 2*o. Calculate the remainder when b(2) is divided by 13.
10
Let z be ((-2)/(-6)*6)/(2 + -4). Calculate the remainder when 6 is divided by -3 + 6 + 1/z.
0
Suppose -90 = 4*k - 9*k - 5*j, 4*k - 32 = 4*j. What is the remainder when 241 is divided by k?
7
Let i = -13 - -32. Suppose x - 20 = u + 2*u, 3*x - 56 = 5*u. Suppose -5*d + x = -163. Calculate the remainder when d is divided by i.
17
Let q(x) = x**2 + 8*x + 9. Let b = -12 + 5. Let j be q(b). Suppose -j*m - 154 = -6*m - 5*p, -4*m - p = -146. What is the remainder when m is divided by 13?
10
Suppose -3*f = -2*n + 2, -n + 4*f - 4 = -0*f. Calculate the remainder when 26 is divided by n.
2
Let f(w) = 10*w - 537. Calculate the remainder when 71 is divided by f(54).
2
Let q = -10115 - -10128. Suppose 2*g - 2 = 2. Calculate the remainder when g/11 - (-1096)/22 is divided by q.
11
Let o = -58 + 98. Suppose o = -8*s + 13*s. Suppose 5*t - 24 = x, 0 = -2*t - 2*t - 2*x + 22. Calculate the remainder when s is divided by t.
3
Suppose 7*u - 497 - 168 = 0. What is the remainder when u is divided by 21 + 1 - (7 + -1 - 8)?
23
Let r = 203 + -136. Calculate the remainder when r is divided by (-2 - (25 - 4))*-1.
21
Suppose 4 - 9 = -s. Calculate the remainder when (-1734)/(-42) - (-1)/((-21)/6) is divided by s*33*6/45.
19
Let o(l) = 10 - 9 - 48*l**2 + 136*l**2 + 4*l - 6*l. Calculate the remainder when o(1) is divided by 11.
10
Let g(n) = -n**3 + 9*n**2 + 8*n + 23. Let u be g(10). Suppose -3 = -2*i - i, 0 = -u*q + 4*i + 23. What is the remainder when 52 is divided by q?
7
Let s = 170 + -35. Let n = -47 - -81. Calculate the remainder when s is divided by n.
33
Let v = 27 + -23. Let h = 22 - 13. Suppose -2*k + 5*c + 40 = 0, -5*k = -v*k + 3*c - h. What is the remainder when 42 is divided by k?
12
Suppose -3*a - b + 64 = -11, 3*a - 5*b = 75. Calculate the remainder when 72 is divided by a.
22
Let c = -32 - -79. What is the remainder when c is divided by 16?
15
Let s(f) = f**3 + 8*f**2 - 5*f - 20. Let l be s(-8). What is the remainder when ((-56)/l + 1)*-25 is divided by 16?
13
Suppose 2*g - 4*g = 0. Suppose 2*j - 4*j - 14 = g. Let u(s) = -2*s**2 - 15*s + 5. What is the remainder when 22 is divided by u(j)?
10
Let f(b) = b**2 - 9*b - 2. Suppose 3*c - 20 = -4*m, -3*m + 14 = 3*c - 10. Calculate the remainder when f(c) is divided by 6.
4
Suppose 3*d - 10*d + 238 = 0. Let t = 17 - 5. What is the remainder when d is divided by t?
10
Suppose 0 = 2*v - t - 31, 2*t + 22 = 2*v + 4*t. Let k(f) = -23*f + 3. What is the remainder when k(-1) is divided by v?
12
Let k = -535 - -755. Suppose 3*s + s - k = 0. Calculate the remainder when s is divided by 19.
17
Let a be (-236)/3 - 1/3. Let h = a - -160. Suppose -h - 39 = -5*t. What is the remainder when 93 is divided by t?
21
What is the remainder when 104 is divided by (0 + 10 - 1) + -5?
0
Suppose -p - o = 4*p - 161, -5*o = -5*p + 155. Calculate the remainder when 219 is divided by p.
27
Let r = -42 - -150. Suppose 2*b - r = -2*b. Let k = b + -14. What is the remainder when k is divided by 4?
1
Let r = 310 - 239. What is the remainder when r is divided by 4?
3
Suppose 4*o - 6 - 14 = 0. Let i(b) = 2*b**3. Let c be i(1). Suppose 0 = -